lse
Is 1613320 a multiple of 10?
True
Is 684372 a multiple of 44?
False
Is 38 a factor of 323570?
True
Does 68 divide 1862942?
False
Does 9 divide 5890?
False
Is 287 a factor of 5830979?
True
Does 27 divide 340547?
False
Is 39 a factor of 47995?
False
Does 31 divide 11542352?
False
Does 6 divide 74845?
False
Is 5 a factor of 1227610?
True
Is 20 a factor of 133349?
False
Is 477600 a multiple of 12?
True
Is 2 a factor of 16254?
True
Is 253092 a multiple of 19?
False
Does 6 divide 4288269?
False
Is 159 a factor of 1671567?
True
Is 8 a factor of 7422?
False
Is 67 a factor of 194609?
False
Is 655 a factor of 1842515?
True
Is 7404549 a multiple of 202?
False
Does 101 divide 10930254?
False
Is 303 a factor of 8409462?
True
Is 552900 a multiple of 95?
True
Is 255 a factor of 5508421?
False
Does 528 divide 147844?
False
Is 47433 even?
False
Is 699 a factor of 1103022?
True
Does 151 divide 6585261?
True
Is 89825 a multiple of 10?
False
Is 755 a factor of 6799345?
False
Does 46 divide 48668?
True
Does 107 divide 143574?
False
Does 145 divide 2040115?
False
Is 71 a factor of 531293?
True
Is 133493 a multiple of 183?
False
Is 243 a factor of 806755?
False
Is 55 a factor of 2365?
True
Is 337373 a multiple of 169?
False
Is 296 a factor of 89246?
False
Does 43 divide 774490?
False
Is 231 a factor of 4518292?
False
Is 4696980 a multiple of 30?
True
Is 148048 a multiple of 2?
True
Is 10282 a multiple of 3?
False
Does 41 divide 337512?
True
Is 206 a factor of 946342?
False
Is 541 a factor of 3128368?
False
Is 81315 a multiple of 195?
True
Is 6974 a multiple of 15?
False
Is 149 a factor of 73606?
True
Is 388 a factor of 147434?
False
Does 8 divide 1867895?
False
Is 27 a factor of 938655?
True
Does 73 divide 327551?
True
Is 18 a factor of 123966?
True
Is 2177656 a multiple of 12?
False
Does 116 divide 1031174?
False
Does 142 divide 2668464?
True
Is 258893 a multiple of 157?
True
Is 3036880 a multiple of 34?
True
Is 7292168 a multiple of 104?
True
Is 25 a factor of 153500?
True
Does 49 divide 88620?
False
Does 200 divide 3571559?
False
Is 1855470 a multiple of 134?
False
Is 58 a factor of 7888?
True
Is 457 a factor of 617864?
True
Is 608511 a multiple of 150?
False
Does 290 divide 4803584?
False
Is 1156221 a multiple of 177?
False
Is 9056010 a multiple of 15?
True
Is 9559660 a multiple of 11?
True
Is 3 a factor of 7047?
True
Is 5 a factor of 50383?
False
Does 2 divide 1063628?
True
Is 1235388 a multiple of 294?
True
Is 9 a factor of 20907?
True
Is 11654247 a multiple of 37?
False
Is 1403577 a multiple of 21?
True
Is 627840 a multiple of 60?
True
Is 15 a factor of 967260?
True
Does 224 divide 361544?
False
Does 176 divide 37649?
False
Is 86 a factor of 1001126?
True
Is 16038 a multiple of 66?
True
Is 4511760 a multiple of 30?
True
Is 3 a factor of 911829?
True
Is 120 a factor of 318917?
False
Does 4 divide 46282?
False
Does 51 divide 698088?
True
Is 160 a factor of 50015?
False
Does 18 divide 133150?
False
Does 5 divide 1898391?
False
Does 56 divide 110684?
False
Does 298 divide 15296340?
True
Is 3 a factor of 79613?
False
Is 136 a factor of 237025?
False
Is 9 a factor of 12094515?
True
Is 6 a factor of 792156?
True
Is 192 a factor of 47040?
True
Is 15 a factor of 437010?
True
Is 3446802 a multiple of 7?
False
Does 187 divide 2323806?
False
Is 988128 a multiple of 4?
True
Is 8 a factor of 19434?
False
Is 231 a factor of 1592976?
True
Is 104 a factor of 2631408?
True
Does 92 divide 93012?
True
Does 763 divide 10539319?
True
Is 24 a factor of 327752?
False
Is 254 a factor of 20676?
False
Does 305 divide 617483?
False
Is 93904 a multiple of 332?
False
Does 470 divide 335580?
True
Is 339 a factor of 4629384?
True
Is 366437 a multiple of 3?
False
Is 4509423 a multiple of 708?
False
Does 92 divide 24923?
False
Is 183 a factor of 1309892?
False
Is 6548275 a multiple of 940?
False
Is 57762 a multiple of 79?
False
Is 37518855 a multiple of 30?
False
Is 471020 a multiple of 296?
False
Is 25 a factor of 303946?
False
Is 110 a factor of 239308?
False
Does 852 divide 1228584?
True
Is 7 a factor of 32067?
True
Is 38 a factor of 810198?
True
Does 9 divide 163530?
True
Is 170194 a multiple of 254?
False
Does 76 divide 3377896?
True
Is 31 a factor of 3222?
False
Is 8 a factor of 499557?
False
Is 185006 a multiple of 8?
False
Is 9 a factor of 146455?
False
Is 370 a factor of 51060?
True
Is 231 a factor of 2563869?
True
Is 9 a factor of 1325543?
False
Is 584262 a multiple of 42?
True
Does 11 divide 313082?
True
Is 152964 a multiple of 21?
True
Is 577 a factor of 2575151?
True
Is 218 a factor of 231838?
False
Does 444 divide 68106?
False
Does 791 divide 7949550?
True
Is 16 a factor of 173872?
True
Does 10 divide 1939265?
False
Is 6641012 a multiple of 74?
False
Does 288 divide 201888?
True
Is 373209 a multiple of 64?
False
Does 88 divide 541007?
False
Is 1552830 a multiple of 191?
True
Is 22 a factor of 14158232?
True
Is 310324 a multiple of 12?
False
Is 104 a factor of 865904?
True
Is 484 a factor of 744876?
True
Is 15 a factor of 27180?
True
Does 1868 divide 21613645?
False
Does 6 divide 65758?
False
Is 1980055 a multiple of 37?
True
Is 28 a factor of 302204?
True
Does 22 divide 4184510?
True
Is 149 a factor of 3409928?
False
Is 39 a factor of 207226?
False
Is 1947 a multiple of 344?
False
Is 69 a factor of 164014?
False
Does 37 divide 4188585?
True
Is 483 a multiple of 23?
True
Does 217 divide 68355?
True
Does 2 divide 2429147?
False
Does 19 divide 1966842?
True
Is 183 a factor of 686420?
False
Does 28 divide 6113668?
False
Is 927 a factor of 5810436?
True
Does 17 divide 41667?
True
Does 78 divide 97760?
False
Is 16 a factor of 109199?
False
Does 4 divide 201695?
False
Is 154 a factor of 788788?
True
Is 2867595 a multiple of 14?
False
Is 13126 a multiple of 15?
False
Is 70 a factor of 32690?
True
Is 14788374 a multiple of 67?
True
Does 17 divide 7172674?
True
Does 127 divide 13961?
False
Is 73658 a multiple of 62?
False
Does 264 divide 169752?
True
Does 157 divide 1453018?
False
Does 22 divide 31658?
True
Is 236618 a multiple of 19?
False
Is 468 a factor of 1152147?
False
Does 9 divide 1068511?
False
Does 23 divide 77832?
True
Is 19 a factor of 757739?
True
Is 760320 a multiple of 40?
True
Does 85 divide 201960?
True
Is 3189784 a multiple of 13?
True
Does 98 divide 1070454?
True
Is 61 a factor of 158722?
True
Is 14 a factor of 1040648?
True
Is 143724 a multiple of 203?
True
Is 3217455 a multiple of 13?
False
Is 108 a factor of 1965298?
False
Is 8670 a multiple of 11?
False
Does 32 divide 190400?
True
Does 9 divide 91116?
True
Is 2449 a multiple of 79?
True
Is 314 a factor of 5431886?
True
Is 6461 a multiple of 3?
False
Is 88913 a multiple of 96?
False
Does 49 divide 84001?
False
Does 2 divide 34916?
True
Is 145 a factor of 159210?
True
Does 30 divide 56441?
False
Does 34 divide 756134?
False
Is 10260 even?
True
Does 299 divide 2075658?
True
Is 409 a factor of 150093?
False
Is 1951762 a multiple of 326?
True
Is 79544 a multiple of 61?
True
Does 298 divide 5251356?
True
Is 321 a factor of 1078226?
False
Is 46 a factor of 393095?
False
Does 156 divide 123708?
True
Does 180 divide 827526?
False
Is 196840 a multiple of 41?
False
Is 2124988 a multiple of 124?
True
Does 48 divide 633456?
True
Is 54 a factor of 4352562?
True
Does 406 divide 10049718?
True
Is 86 a factor of 14501234?
True
Is 87 a factor of 16699650?
True
Is 30074432 a multiple of 2278?
False
Does 13 divide 1790373?
True
Is 41 a factor of 525005?
True
Is 888143 a multiple of 102?
False
Is 8881356 a multiple of 13?
False
Does 17 divide 278443?
True
Does 126 divide 11624446?
False
Is 13173840 a multiple of 90?
True
Does 121 divide 2443192?
False
Is 14016 a multiple of 5?
False
Is 350721 a multiple of 399?
True
Does 4 divide 22236?
True
Is 96 a factor of 208992?
True
Does 162 divide 181116?
True
Is 19 a factor of 4871?
False
Is 24 a factor of 12746726?
False
Is 319482 a multiple of 21?
False
Does 721 divide 7164577?
True
Does 136 divide 89057?
False
Does 14 divide 3198734?
True
Is 1451754 a multiple of 59?
True
Is 325 a factor of 320125?
True
Is 155960 a multiple of 70?
True
Is 256 a factor of 1346304?
True
Is 5 a factor of 157066?
False
Does 2 divide 142401?
False
Does 145 divide 356700?
True
Is 18 a factor of 361044?
True